 p(d) = d**2 + 4*d - 7. Determine p(h).
14
Let f(b) = 8*b - 1. Let t(p) = 50*p - 8. Let u(o) = 39*f(o) - 6*t(o). Let h(c) = 7*c + 5. Let n(a) = 5*h(a) - 3*u(a). Give n(4).
-6
Let k(o) = -2*o**2 + 29*o - 21. Suppose -2*l + 94 = 3*m + 66, 0 = -4*m + 2*l + 70. Determine k(m).
-7
Suppose 2*c + 16 = -0*c + 4*l, 5*c + 27 = -3*l. Suppose 3*m - 9 - 9 = 0. Let w(v) = 12*v**3 - 10*v**3 - 6 + m*v**2 - v**3. What is w(c)?
-6
Suppose 207 = -4*q - s + 708, 0 = 2*q + 3*s - 263. Let c = -127 + q. Let j(y) = 3*y + 1. Determine j(c).
-8
Let v(s) be the second derivative of s**5/20 + 7*s**4/12 - 7*s**3/3 + 2*s**2 + 107*s + 4. Calculate v(-8).
52
Suppose 3*i + 6*z + 359 = 4*z, i + 4*z + 123 = 0. Let d = -96 - i. Let v(c) = d - c**2 - 14 + 6. Determine v(0).
15
Let s(v) = 6*v + 56. Let i(h) = -7*h - 66. Let y(z) = -5*i(z) - 6*s(z). Calculate y(15).
-21
Let m(p) = -3*p**3 + 237 + 3*p - 238 + 4*p**3. Suppose -3*x = 40*s - 35*s - 24, 5*x + 2*s = 21. Determine m(x).
35
Let w(a) = a**3 + 17*a**2 + a + 28. Let f be w(-17). Suppose -28 = 17*p - f. Let j(y) = 11*y + 2. Determine j(p).
-9
Let j(m) = -m**3 + 9*m - 1. Suppose 32*o = 67*o + 105. Give j(o).
-1
Let n(v) = -2*v + 34. Suppose 3*l + 5*i - 92 + 116 = 0, -5*l = -4*i + 40. Give n(l).
50
Let j(m) = -m**3 + 5*m**2 - 3*m - 9. Let n = -2518 - -2522. Give j(n).
-5
Let z(c) = -2*c**2 - 1. Suppose -1 = 2*a - 2*s + 5, s - 3 = -4*a. Suppose -7*h + 21 = -a*h. Suppose q - h*u = -8, -4*q - 5 - 13 = -5*u. Calculate z(q).
-9
Suppose 21*q = -30 + 72. Let c(a) = 16 + 24 + a**q - 66 + 23. What is c(0)?
-3
Let r(u) be the second derivative of u**4/6 + 25*u**3/6 + 11376*u. What is r(-12)?
-12
Let l be 0 + 0 - (9 - (-294 + 2)). Let t = l - -307. Let y(w) = -3*w - 4. What is y(t)?
-22
Let h(y) = 4*y + 25. Suppose -13*d - 3*d = 5*d + 168. Determine h(d).
-7
Suppose 2*t = -c + 7, 5*t - 8*c + 4*c + 2 = 0. Let y(j) = -j + j**3 - 8*j - 6 - 8*j**t + 13 + 1. What is y(9)?
8
Let b(i) = 5*i - 20. Let y = 39 + -35. Let c be b(y). Let g(j) = -3*j**2 + 2*j**2 - 3*j + c*j**2 + 13*j - 9. Determine g(6).
15
Suppose -24*w = -62*w - 15*w. Suppose -4*g + 7*g - 9 = w. Let a(n) = 2*n + 3. Determine a(g).
9
Let s(f) = -f**3 - 3*f**2 + 14*f + 11. Let r(l) = -l**2 - 47*l + 1002. Let c be r(16). Give s(c).
35
Let w(u) = 25 - u - 41 - 12 - 17. Give w(-23).
-22
Let o be 2/(2 - (1 - 1)). Let z(w) = -w - 1. Let h(a) = -11*a - 8. Let m(d) = -h(d) + 2*z(d). Let j(p) = -7*p - 4. Let c(q) = 4*j(q) + 3*m(q). What is c(o)?
1
Let t be 5 + -1 - (0 - 3). Let v = 16 - t. Let f(s) = 3*s**3 - 2*s**2. Let y(k) = -13*k**3 + 8*k**2 - k. Let a(h) = v*f(h) + 2*y(h). Calculate a(3).
3
Let q(a) = a + 2. Let k be q(-2). Suppose 4 + 3 = -3*v + 4*l, 4*v + l = 16. Let c(u) = 3 + u**2 + 0 + u**3 + v - 1. What is c(k)?
5
Let q(k) = k**2 - k + 1. Let b(i) = -i**3 + 6*i**2 - 9*i + 4. Let g = -1 + 1. Suppose c - 3*c + 8 = g. Let d be b(c). Give q(d).
1
Let w(d) = 2*d**3 + 41*d**2 + 18*d - 52. Let y = -2454 + 2434. Give w(y).
-12
Let l(m) = -2*m + 18. Let o be l(11). Let a(h) = -4*h**2 - 12*h - 16. Let s(t) = t**2 + 3*t + 4. Let p(b) = 2*a(b) + 9*s(b). Give p(o).
8
Suppose -4*d + 3*d + 5*q = 2, 0 = 5*d + 3*q - 18. Let h(k) = k**3 + d*k - 76 - 2*k + 39 + 7*k**2 + 30. Calculate h(-7).
-14
Let x(l) = -7*l - 143. Let h = -17385 + 17366. What is x(h)?
-10
Suppose -7*a - 5*x = -9*a - 23, 0 = -a + x - 4. Let h(n) = 21*n**3 - n**2 + 3*n - 1. What is h(a)?
22
Let x(m) be the second derivative of -m**4/12 - m**3 - 19*m**2/2 - 2*m - 681. Give x(-3).
-10
Let i(v) be the second derivative of v**5/20 + 7*v**4/12 + 7*v**3/6 - 3*v**2/2 - v. Let m(k) = 2*k**3 - 249*k**2 + 613*k - 372. Let j be m(122). Calculate i(j).
-9
Suppose 297 = 43*a - 32*a. Suppose -2*v + a = 10*x - 15*x, 3*v - 5*x = 33. Let s(f) = -f**3 + 5*f**2 + 4*f + 3. Determine s(v).
-9
Suppose 0 = 76*n + 20*n + 384. Let x(k) = -6*k - 30. Determine x(n).
-6
Suppose -3*d - p = p + 25, 10 = -5*d + 3*p. Let u be ((10/d)/2)/((-4)/36). Let y(o) = -2*o + 2*o - o + 14. Determine y(u).
5
Suppose -4*d - 320 = -20*d. Suppose -d*h - 66 = 2*h. Let y(w) = 5*w + 2. What is y(h)?
-13
Let y(w) = w**2 - 9*w + 6. Let p be -1 + (-5 - 3 - 1). Let f(m) = -m**2 - 10*m + 6. Let k be f(p). Determine y(k).
-12
Let m = 7 + -64. Let d = m + 56. Let a(o) = o + 1. Let x(h) = -9*h - 10. Let r(c) = d*x(c) - 5*a(c). Calculate r(-4).
-11
Let z = 1102 - 1079. Let f be 2 + 3/3 + 4. Let k(c) = -8*c - f + 6 + z*c + 7*c. What is k(1)?
21
Let v(y) = y**2 + 6*y - 8. Let o = -837 + 830. Give v(o).
-1
Let j(u) be the third derivative of u**5/30 - u**4/6 + u**3 + 458*u**2 - 2*u. What is j(3)?
12
Let w(m) = 13*m + 91. Let x be (-1)/2 - (18 + 460/(-40)). Give w(x).
0
Suppose 26 = -5*v + 69*s - 67*s, 0 = -v - 5*s + 11. Let c(n) = -n**3 - 3*n**2 - 20. What is c(v)?
-4
Suppose -4*n + 5*p + 3 = 0, 3 = -n - 3*p + 5*p. Let o be (10 - 1)*(-12)/(-18). Let l(a) = a**2 - 7*a + 1 + o - 9. Determine l(n).
-2
Let b(m) = m**2 + 7*m - 2. Let g = -108 - -115. Suppose -g*a = 206 - 52. Let o be (-8)/(-6) - a/(-3). Determine b(o).
-8
Let u(x) be the first derivative of 91 - 5/3*x**3 + 1/4*x**4 - 2*x**2 + 5*x. Calculate u(6).
17
Let i(v) be the first derivative of -2*v**3/3 + 17*v**2 + 4*v - 3243. Calculate i(17).
4
Let f(h) be the second derivative of 1/3*h**3 + 24*h + 0*h**2 + 0. Suppose -2*r + 2*d + 0*d - 2 = 0, 0 = -5*r - d - 23. What is f(r)?
-8
Let t(o) = o**3 + 5*o**2 + 5*o + 1. Let h = -42 - -44. Suppose -60 = h*j + j. Let x = j + 16. Determine t(x).
-3
Let y(m) = -m**3 - 6*m**2 + 6*m - 9. Let z(w) = 4*w**2 + 39*w - 15. Let b be z(-12). Let g = b - 100. Calculate y(g).
-2
Let p(d) be the third derivative of d**6/120 + d**5/6 + d**4/2 + 2*d**3 + 1114*d**2. Give p(-8).
44
Let l(q) = q**3 - 14*q**2 - 13*q - 28. Suppose 26*f - 22*f + 225 = 19*f. Calculate l(f).
2
Let a(k) = -k**3 - 9*k**2 - 29*k - 62. Let n(c) = 1838*c - 6. Let z be n(0). Calculate a(z).
4
Let y = -622 - 738. Let q be y/(-160) - (-1)/(-2). Let z(j) = j**3 - 9*j**2 + 7*j + 12. Determine z(q).
4
Let x be -2*2/(-36) + 1979/9. Let n = 223 - x. Let v(a) = -a + 5. What is v(n)?
2
Let t be (-1)/(-22)*-4 - (12/(-66) - 5). Let h(j) = j**3 - 4*j**2 + j - 1. Give h(t).
29
Let p = 13107 + -13113. Let q(y) be the first derivative of y**3/3 + 3*y**2 - 2*y - 5. Determine q(p).
-2
Let g(t) = -3*t**2 + t**2 + 271329 - t - 271342. Determine g(0).
-13
Let s be (-14)/21*31*(-6)/4. Let z = s + -33. Let p(t) = -2*t**2 + 0*t**3 + t + 9 - 9 - t**3. Calculate p(z).
-2
Let d(u) = 6*u + u - 3*u - 1. Let c = -41 - -773. Let o = -726 + c. Calculate d(o).
23
Let k(i) = -i**2 - 36*i + 10. Let q(b) = b**2 + 53*b - 15. Let j(t) = -7*k(t) - 5*q(t). Suppose -5*z + 2*p + 30 = -8, -5*p = 3*z + 2. Calculate j(z).
-1
Let t be ((-7)/(-14) - -1)/((-39)/(-286)). Let u(j) = -j**2 + 14*j - 23. What is u(t)?
10
Let m(b) = 28 - b + 3 - 4*b - 21 + b**2 + 14*b. Suppose 5*o = -4*k - 56, -k + 5 = -o + 1. Give m(o).
2
Let r(g) = g**3 + 6*g**2 - 6*g + 9. Suppose -24 = -11*j - 35. Let a = j - 6. What is r(a)?
2
Let i(f) = -24*f**2 - f - 1. Let k(m) = -m**3 + 5*m**2 + 61*m - 12. Let p be k(13). Let b = p - -570. What is i(b)?
-24
Let a(k) = -110*k - 128. Let c(w) = 54*w + 59. Let i(p) = -6*a(p) - 13*c(p). Give i(-1).
43
Let t(z) = 3*z + 24. Let i = -825 + 812. Give t(i).
-15
Let k(o) = -4*o + 18. Let c(i) = -1. Suppose -3 = 14*x - 17. Let z(v) = x*k(v) + 5*c(v). Calculate z(5).
-7
Let w(p) = p**3 - 11*p**2 - 2*p - 5. Let t be -3*1/5 - 35/25. Let j(g) = 5*g**3 - 45*g**2 - 7*g - 20. Let n(k) = t*j(k) + 9*w(k). What is n(-8)?
-37
Let w(f) be the first derivative of f**3/3 + 3*f**2 - 16*f - 122. What is w(2)?
0
Suppose -6*i - 30 = -5*h - 3*i, -3*i - 27 = -4*h. Let t(f) = f**h - f**3 + 67 - 74 - f**3. Determine t(0).
-7
Let a = 31547 - 31537. Let v(m) = 2*m**2 - 24*m + 30. What is v(a)?
-10
Let m(i) be the first derivative of -8*i**3/3 + i**2/2 + 2*i - 1493. Give m(-1).
-7
Let k(b) = b + 5. Suppose 4*o = -2*p + 38, 4*o + o - 52 = 2*p. Let f be 420/50 + (-4)/o. Calculate k(f).
13
Let o(p) = p**3 + 2*p**2 + 8*p - 7. Let c(k) = -2*k**3 - k**2 - 7*k + 4. Let y(u) = -4*c(u) - 3*o(u). What is y(-1)?
-6
Let d(w) be the first derivative of -w**6/120 - w**5/12 - w**4/12 - w**3/3 + 55*w**2 + 69. Let x(v) be the second derivative of d(v). Calculate x(-4).
-10
Let z(f) be the first derivative of f**4/4 - 5